Does 3 divide 344?
False
Is 74 a factor of 3478?
True
Is 1576 a multiple of 6?
False
Does 68 divide 58484?
False
Is 16 a factor of 32?
True
Does 100 divide 400?
True
Is 806 a multiple of 56?
False
Does 453 divide 84258?
True
Does 16 divide 8416?
True
Is 294 a multiple of 3?
True
Is 26 a factor of 2444?
True
Is 133 a multiple of 19?
True
Is 38 a factor of 1672?
True
Does 16 divide 2144?
True
Is 3 a factor of 408?
True
Does 241 divide 22513?
False
Is 4603 a multiple of 2?
False
Is 8 a factor of 1984?
True
Is 4989 a multiple of 8?
False
Is 67 a factor of 588?
False
Does 12 divide 2910?
False
Is 28 a factor of 1092?
True
Is 3 a factor of 13110?
True
Is 190 a factor of 32953?
False
Is 25 a factor of 74332?
False
Is 37 a factor of 1073?
True
Does 65 divide 3900?
True
Is 38335 a multiple of 55?
True
Is 864 a multiple of 6?
True
Is 36 a factor of 14724?
True
Is 2741 a multiple of 29?
False
Is 1139 a multiple of 89?
False
Does 15 divide 105?
True
Does 70 divide 6125?
False
Does 15 divide 45?
True
Is 103 a factor of 6798?
True
Is 6272 a multiple of 28?
True
Is 578 a multiple of 14?
False
Is 297 a multiple of 18?
False
Is 477 a multiple of 53?
True
Does 15 divide 180?
True
Is 52 a factor of 16189?
False
Is 9 a factor of 6639?
False
Does 11 divide 367?
False
Is 22 a factor of 5590?
False
Does 9 divide 16631?
False
Is 2106 a multiple of 18?
True
Does 23 divide 40722?
False
Is 3101 a multiple of 7?
True
Does 13 divide 3124?
False
Is 2529 a multiple of 38?
False
Is 1505 a multiple of 11?
False
Is 13524 a multiple of 138?
True
Does 15 divide 5625?
True
Is 475 a multiple of 95?
True
Is 56 a factor of 1344?
True
Does 19 divide 93195?
True
Is 14 a factor of 112?
True
Is 8057 a multiple of 7?
True
Is 21 a factor of 5733?
True
Is 42 a factor of 1134?
True
Is 648 a multiple of 30?
False
Is 1332 a multiple of 24?
False
Does 22 divide 5154?
False
Does 3 divide 148?
False
Is 704 a multiple of 44?
True
Does 85 divide 159120?
True
Is 61 a factor of 14281?
False
Is 38 a factor of 2046?
False
Is 71105 a multiple of 232?
False
Is 6 a factor of 1896?
True
Is 163 a factor of 41223?
False
Does 5 divide 461?
False
Is 3 a factor of 297?
True
Is 5 a factor of 179?
False
Is 8 a factor of 2260?
False
Does 2 divide 5?
False
Is 2639 a multiple of 13?
True
Is 27 a factor of 5643?
True
Does 30 divide 2324?
False
Is 20 a factor of 1651?
False
Does 12 divide 155172?
True
Is 9 a factor of 17307?
True
Is 12 a factor of 27252?
True
Is 50 a factor of 1517?
False
Does 71 divide 2059?
True
Is 185 a factor of 109520?
True
Does 9 divide 373?
False
Does 17 divide 8018?
False
Does 9 divide 11079?
True
Is 117 a factor of 585?
True
Is 14 a factor of 6464?
False
Does 186 divide 152148?
True
Is 9801 a multiple of 25?
False
Is 20692 a multiple of 39?
False
Is 2 a factor of 122?
True
Is 90 a factor of 3797?
False
Is 19 a factor of 323?
True
Does 19 divide 42813?
False
Does 72 divide 9432?
True
Is 3216 a multiple of 67?
True
Is 19793 a multiple of 14?
False
Is 15 a factor of 16806?
False
Is 1715 a multiple of 30?
False
Is 38 a multiple of 19?
True
Does 64 divide 1343?
False
Is 14 a factor of 770?
True
Is 70 a factor of 11833?
False
Is 68 a factor of 775?
False
Is 377 a multiple of 13?
True
Is 131416 a multiple of 37?
False
Is 440 a multiple of 7?
False
Is 75 a factor of 225?
True
Does 4 divide 1196?
True
Is 11 a factor of 137?
False
Is 6 a factor of 939?
False
Is 99 a factor of 39303?
True
Is 148 a factor of 3848?
True
Is 16443 a multiple of 31?
False
Does 60 divide 1440?
True
Is 29718 a multiple of 127?
True
Is 16180 a multiple of 67?
False
Does 10 divide 60?
True
Is 36 a factor of 23122?
False
Is 6570 a multiple of 45?
True
Is 89 a factor of 5396?
False
Does 53 divide 116?
False
Does 19 divide 6454?
False
Is 17464 a multiple of 11?
False
Is 27 a factor of 8660?
False
Is 2985 even?
False
Is 7728 a multiple of 4?
True
Is 23 a factor of 872?
False
Does 28 divide 234?
False
Is 17850 a multiple of 238?
True
Is 9072 a multiple of 112?
True
Is 12 a factor of 9096?
True
Is 4440 a multiple of 37?
True
Is 649 a multiple of 2?
False
Is 426 a multiple of 2?
True
Is 6 a factor of 2452?
False
Does 61 divide 4270?
True
Is 12 a factor of 41224?
False
Is 6055 a multiple of 23?
False
Is 3 a factor of 4352?
False
Does 95 divide 6566?
False
Does 7 divide 705?
False
Does 9 divide 104?
False
Is 16 a factor of 1527?
False
Is 32251 a multiple of 74?
False
Is 85 a multiple of 21?
False
Is 19 a factor of 2793?
True
Is 466 a factor of 73619?
False
Does 21 divide 6300?
True
Does 6 divide 655?
False
Does 50 divide 2265?
False
Does 173 divide 49001?
False
Does 125 divide 15333?
False
Does 25 divide 11322?
False
Is 16074 a multiple of 141?
True
Is 12 a factor of 4374?
False
Is 6 a factor of 2998?
False
Is 5436 a multiple of 18?
True
Is 1231 a multiple of 11?
False
Is 385 a multiple of 63?
False
Is 48 a multiple of 2?
True
Is 136 a factor of 4430?
False
Is 464 a multiple of 18?
False
Is 6 a factor of 702?
True
Does 8 divide 493?
False
Is 38897 a multiple of 29?
False
Does 2 divide 506?
True
Is 75 a factor of 3296?
False
Is 270 a multiple of 2?
True
Does 16 divide 368?
True
Does 20 divide 7160?
True
Is 97 a factor of 1843?
True
Is 1722 a multiple of 23?
False
Is 12 a factor of 4650?
False
Is 19686 a multiple of 116?
False
Is 6 a factor of 129?
False
Is 17 a factor of 49538?
True
Is 454 a multiple of 23?
False
Does 7 divide 7028?
True
Is 82 a multiple of 41?
True
Is 11 a factor of 8294?
True
Is 138 a factor of 23046?
True
Is 6 a factor of 1128?
True
Does 18 divide 14963?
False
Does 2 divide 4006?
True
Is 3 a factor of 6205?
False
Is 37 a factor of 851?
True
Is 10842 a multiple of 106?
False
Is 149 a multiple of 3?
False
Is 5 a factor of 1230?
True
Is 4422 a multiple of 67?
True
Is 10 a factor of 500?
True
Is 14 a factor of 4555?
False
Does 19 divide 6479?
True
Does 28 divide 7980?
True
Is 17 a factor of 272?
True
Does 26 divide 207?
False
Is 34 a factor of 547?
False
Does 10 divide 160?
True
Is 168 a factor of 8867?
False
Does 5 divide 7767?
False
Does 5 divide 2135?
True
Is 192 a multiple of 12?
True
Does 18 divide 200?
False
Does 4 divide 158?
False
Is 1624 a multiple of 12?
False
Does 28 divide 18088?
True
Is 27 a factor of 135?
True
Does 18 divide 11350?
False
Is 2176 a multiple of 32?
True
Does 104 divide 6580?
False
Is 27312 a multiple of 12?
True
Does 17 divide 828?
False
Does 24 divide 2208?
True
Is 6781 a multiple of 52?
False
Does 21 divide 19215?
True
Is 12 a factor of 4140?
True
Is 28 a factor of 4784?
False
Is 1411 a multiple of 2?
False
Is 2214 a multiple of 19?
False
Is 60 a factor of 3060?
True
Is 774 a multiple of 6?
True
Does 33 divide 363?
True
Does 11 divide 3580?
False
Does 87 divide 1357?
False
Does 73 divide 58984?
True
Does 2 divide 149?
False
Is 1056 a multiple of 48?
True
Is 91 a factor of 2923?
False
Is 40947 a multiple of 174?
False
Is 5 a factor of 2338?
False
Does 126 divide 1266?
False
Does 13 divide 11879?
False
Is 8311 a multiple of 2?
False
Is 24 a factor of 11376?
True
Is 38 a factor of 7267?
False
Is 97 a factor of 10961?
True
Is 39 a factor of 312?
True
Does 21 divide 8694?
True
Is 13 a factor of 4606?
False
Is 85 a factor of 2742?
False
Does 24 divide 6693?
False
Is 53 a multiple of 2?
False
Does 13 divide 728?
True
Is 16 a factor of 32768?
True
Is 36 a factor of 324?
True
Is 100 a multiple of 3?
False
Does 4 divide 297?
False
Does 17 divide 70434?
False
Does 72 divide 3384?
True
Is 4 a factor of 120?
True
Is 20 a factor of 4840?
True
Does 13 divide 4527?
False
Is 16 a factor of 2352?
True
Is 15 a factor of 2018?
False
Does 34 divide 4266?
False
Does 47 divide 4888?
True
Is 35 a factor of 8176?
False
Is 17 a multiple of 7?
False
Is 1178 a multiple of 19?
True
Is 14 a factor of 4547?
False
Is 99 a factor of 693?
True
Is 30 a factor of 56?
False
Is 364 a multiple of 4?
True
Does 60 divide 4380?
True
Is 84 a multiple of 11?
False
Does 6 divide 5558?
False
Is 223 a factor of 24084?
True
Is 9 a factor of 1884?
False
Is 46 a factor of 3485?
False
Does 106 divide 92008?
True
Is 5940 a multiple of 22?
True
Is 16 a factor of 20432?
True
Does 31 divide 93?
True
Is 2 a factor of 33?
False
Does 39 divide 122538?
True
Does 18 divide 3402?
True
Is 93 a factor of 109758?
False
Is 218 a factor of 26861?
Fals